+ 63 = 2*a + 29, 0 = 3*a + 5*o - 89. What is the units digit of a?
3
Let i = -45 - -49. Suppose -w = -i*a + 896, -5*a + 3*w - w + 1117 = 0. What is the units digit of a?
5
Let c = 311 + -171. Let k = -2 + 6. Suppose -i - k*i + c = 0. What is the tens digit of i?
2
Let b(t) = t**3 - 7*t**2 - 26*t + 8. Let k be b(10). Suppose -5*z + 85 = 5*o, o + 67 = 2*z + 3*z. Let p = z + k. What is the tens digit of p?
6
Let r = 5 + -1. Suppose -4*m = 0, 5*m - 1 = r*l + 11. Let a = l - -9. What is the units digit of a?
6
Let l(y) = y**2 - 3*y - 14. Let m be l(6). What is the units digit of 10/m*168/15?
8
Let v(a) = 24*a + 1. Let x be v(1). Let z = -534 + 538. What is the units digit of z/10 - (-690)/x?
8
Let c be (-3)/(-6) - (-26)/(-4). Let y(n) = -n**3 - 6*n**2 - 6*n - 8. What is the tens digit of y(c)?
2
Suppose 14*i - 13*i - 885 = 2*x, 4*i = -2*x + 3550. What is the hundreds digit of i?
8
Let l be 21*((-40)/(-12) + -3). Let q be 200/35 - (-2)/l. Suppose q*r - 7 = 53. What is the tens digit of r?
1
Suppose 2*r - 5 = r, -s + 1176 = -2*r. What is the thousands digit of s?
1
Let p(o) be the first derivative of o**3/3 - o**2 + 10*o + 7. What is the tens digit of p(5)?
2
Let f = -89 - -76. What is the units digit of f + 162 - 3*1?
6
Let n(i) = 4*i**3 + 2*i**2 - i. Let r be n(1). Suppose 2*y + 4*c + 16 = 3*y, 20 = y - r*c. Suppose 9 = 2*m - u + 3, m - 2*u = y. What is the units digit of m?
4
Let b(x) = x**3 + 13*x**2 - 14*x - 4. Let j be b(-14). Let c = j - -7. Suppose y = 3*m + 3, -5*y + 25 = -2*m - c*m. What is the units digit of y?
6
Suppose 0 = 8*q - 118 + 110. What is the units digit of q?
1
Let n = -36 + 41. Suppose 5*t - 4*j = 343 + 261, 144 = t + n*j. What is the units digit of t?
4
Suppose -15*h + 18*h - 24 = 0. Let y(l) = 15*l - 8. Let j be y(h). What is the units digit of j/11 - (-10)/(-55)?
0
Suppose -446 = -2*m + 4*j, 4*j + 1073 = 5*m + 8*j. What is the hundreds digit of m?
2
What is the units digit of ((-1)/4)/((-31)/48236)?
9
Let t(z) = -41*z - 46. Let d be t(-6). Let v = d + 33. What is the units digit of v?
3
Suppose -115*o = -119*o + 9228. What is the tens digit of o?
0
Let w = 438 + 117. What is the tens digit of w?
5
Let u(f) = f**3 - 6*f**2 - 1. Let y be (-37)/(-5) - (-9)/(360/(-16)). What is the units digit of u(y)?
8
Let v(n) = -n**2 + 14*n - 40. Let t be v(14). What is the units digit of 6/(196/t + 5)?
0
Let g = 500 - 377. What is the hundreds digit of g?
1
Let a = -407 - -1171. What is the hundreds digit of a?
7
Suppose 3*d - 1561 = -2*p, 6*p = 2*d + 5*p - 1050. Suppose -88 = 5*m - d. What is the units digit of m?
7
Suppose -32*g + m - 3 = -29*g, 2*g + 2*m = -10. Let y(t) = 2 - 4 + 5 - 15*t. What is the tens digit of y(g)?
3
Suppose 41 - 91 = -5*x. Let d(w) = w**3 - 8*w**2 - w - 2. What is the hundreds digit of d(x)?
1
Let u be (-218)/(-9) + (-4)/18. Let m = u + -10. Let l = -6 + m. What is the units digit of l?
8
Let r(x) = -154*x - 20. What is the units digit of r(-5)?
0
What is the units digit of (0 + 2)*((8 - 10) + 652)?
0
Suppose -6*s + 7*s = 14. Suppose 3*b = q + 18, 4*b - 10 - s = -3*q. What is the units digit of b?
6
Let j(x) = 5*x**2 + 202*x + 31. What is the units digit of j(-43)?
0
Suppose -23*w - 4812 = -29*w. What is the tens digit of w?
0
Let b = -1448 + 5567. What is the units digit of b?
9
Let a = 10681 + -7087. What is the units digit of a?
4
Let l = 1020 - 576. What is the units digit of l?
4
Suppose -5*y + 4*o = -36, 0 = 2*y - 3*y + 2*o + 12. What is the tens digit of (204 + 5 - y) + 5?
1
Suppose 5*h - 2*y = 35, -5*h - 4*y = -6 + 1. Suppose -5*q + 2*m + 264 = -3*q, 0 = -h*m - 25. What is the hundreds digit of q?
1
Let o(g) = -27*g - 22. Let a(f) = -14*f - 11. Let c(l) = 13*a(l) - 6*o(l). What is the tens digit of c(-4)?
6
Let p = -2298 - -3313. What is the tens digit of p?
1
Let i(w) = 9*w**2 - 2*w - 2. Let n be i(2). Suppose -n*x = -36*x + 1272. What is the units digit of x?
2
Suppose u - 9 = 3*m + 7, 0 = 2*m + 4*u + 20. Let c(w) = -12*w - 1. What is the tens digit of c(m)?
7
Let q = 278 - -351. What is the units digit of q?
9
Suppose 46*h = 42*h + 592. What is the tens digit of h?
4
Let c(u) = u - 2. Suppose -5*n + 5 = 5*q, 4*q + 5*n + 0 = 2. Let d be c(q). Suppose d = -o + 5. What is the units digit of o?
4
Let x(p) = -7*p + 7. Let v be x(-1). What is the units digit of (-8 - -1)*(-8)/v?
4
Let t(l) = 10*l**2 + 23*l + 420. What is the thousands digit of t(-21)?
4
Let k = -30 + 28. What is the hundreds digit of (2 + 689/k)*24/(-30)?
2
Let m(j) be the second derivative of -1/12*j**4 + 0*j**2 + 5/6*j**3 - 10*j - 1/20*j**5 + 0. What is the units digit of m(-3)?
3
What is the units digit of (44/1)/(1200/585 - 2)?
8
Suppose -4*f = 2*p - 2252, 0 = 162*f - 159*f - 2*p - 1682. What is the units digit of f?
2
Let c(z) = -4*z**3 + 4*z**2 + 6*z - 4. What is the tens digit of c(-3)?
2
Suppose i + 2*q = 778, -3*i = -3*q - q - 2324. What is the hundreds digit of i?
7
Let b(q) = -q**3 + 3*q**2 + 6*q - 37. What is the units digit of b(-8)?
9
Let b be (-10)/6 - -1 - (-43712)/(-96). Let j = b + 753. What is the units digit of j?
7
Suppose -1644 = -3*z + 3*q, -z - 10*q + 536 = -7*q. What is the units digit of z?
5
What is the hundreds digit of (-2)/4 + 0 + 42468/24?
7
Suppose 370 + 2335 = 5*h. What is the units digit of h?
1
Let h(o) = 3*o**3 + 5*o**2 - 8*o - 8. Let t be h(-6). Let c be (-2)/(-8) + t/(-16). Suppose -2*u = 5*s - c, -3*u - 8 + 31 = 5*s. What is the units digit of s?
7
Suppose 5*l = 12*l - 161. Let r = 40 - l. What is the units digit of r?
7
Suppose -117 = m + 14. Let s = -18 - m. What is the units digit of s?
3
Let d = 3015 - 926. What is the thousands digit of d?
2
Suppose 4 = -q + 34. What is the tens digit of (q/2)/((-6)/300*-5)?
5
Let h(p) = 248*p + 629. What is the tens digit of h(10)?
0
Let c = -462 + 270. What is the units digit of c/(-28)*(-2 + (-117)/(-6))?
0
Let s = 2704 + -1396. What is the hundreds digit of s?
3
What is the tens digit of (7850/8 - 9/36) + 1?
8
Let q(y) = 209*y - 46. What is the tens digit of q(10)?
4
Let q(t) = t**2 + 4*t + 6. Let f be q(-5). Let d = f + -8. Suppose -d*z = -8*z + 110. What is the tens digit of z?
2
Let v(y) = 2*y**3 + 75*y**2 - 54*y - 11. What is the units digit of v(-38)?
7
Let z(h) = 11*h**2 + 9*h + 187. What is the hundreds digit of z(-11)?
4
Let v be 72/54*45/2. What is the tens digit of 1 + v + -1*(-4)/(-4)?
3
Suppose 0 = z - 3 - 0. Let b(m) = -3*m - m**3 + m**2 - 4*m**2 + z + 0*m**2. What is the tens digit of b(-3)?
1
Suppose 2*k + 2*k + 5*i = 16, -3*k + 12 = 3*i. Suppose 8 + 16 = r + a, -k*a = r - 21. What is the tens digit of r?
2
Suppose -31*t + 54*t - 128685 = 0. What is the units digit of t?
5
Let o = 8 + -10. Let v be 2/(o + (-15)/(-6)). Suppose -4*s + 5*i = -70, -v*i = 4*s - 110 + 22. What is the units digit of s?
0
Let r(c) = 48*c. Let y be r(4). Let j be (5 - -1)/(4/y). Suppose -4*l - l - 2*p = -j, -l + 3*p + 44 = 0. What is the units digit of l?
6
Suppose -2*m + 12 = -84. What is the units digit of (-2)/(-6) - (-2960)/m?
2
Suppose 5*r = 2*n + 322, 6*r - 5*r + 5*n = 59. Let v be (r/(-6))/((-7)/21). What is the units digit of ((-6)/4)/((-8)/v)?
6
Let j = 8 + 0. Let p(u) = 19*u + 46. What is the hundreds digit of p(j)?
1
Let f(k) = 2*k**2 + 15*k + 22. Let b be f(-11). Let j = -32 + b. What is the units digit of j?
7
Let s(t) = 2*t**2 + 13*t - 61. What is the units digit of s(-15)?
4
Suppose 0*d + 2*d = 0. Suppose -8*h + 9*h - 63 = d. What is the tens digit of h?
6
Let h(n) = 4*n**2 + 2*n. Let o(c) = -1 + 8*c + 13*c**2 - 5*c**2 + 0*c**2 + 7*c**2. Let a(y) = -22*h(y) + 6*o(y). What is the tens digit of a(-5)?
2
What is the hundreds digit of (-4)/(-1) + -4 + 147?
1
Let f be -6*4/10*5. Let h = f - -16. Suppose 0 = -h*y + 3*y + 2. What is the units digit of y?
2
Let r be 1 - -178 - (-7 - -6). Suppose 5*i + 100 + r = 0. Let w = i + 96. What is the tens digit of w?
4
Suppose n - 2*k = -1, -k - 74 + 25 = 5*n. Suppose -2*b + 32 = -b. Let p = b - n. What is the units digit of p?
1
Let j be (0/(-20))/((-6)/2). Suppose 30 = 2*r - j*r. Suppose 220 = -r*t + 20*t. What is the units digit of t?
4
Let r = -2382 - -4002. What is the tens digit of r?
2
Suppose 12 = -2*w + 5*o, 3*o - 6 = w + 7*o. Let m(b) = b**2 - b - 19. What is the units digit of m(w)?
3
Suppose 19*p - 7*p - 96